 remainder when 611 is divided by 14.
9
Calculate the remainder when 110 is divided by 35.
5
What is the remainder when 445 is divided by 28?
25
Calculate the remainder when 62 is divided by 38.
24
Calculate the remainder when 376 is divided by 65.
51
What is the remainder when 497 is divided by 4?
1
What is the remainder when 1944 is divided by 81?
0
Calculate the remainder when 1054 is divided by 37.
18
Calculate the remainder when 144 is divided by 34.
8
Calculate the remainder when 69 is divided by 35.
34
Calculate the remainder when 37 is divided by 13.
11
What is the remainder when 149 is divided by 38?
35
What is the remainder when 188 is divided by 27?
26
Calculate the remainder when 10448 is divided by 156.
152
Calculate the remainder when 148 is divided by 49.
1
Calculate the remainder when 1355 is divided by 38.
25
Calculate the remainder when 551 is divided by 16.
7
Calculate the remainder when 69 is divided by 9.
6
What is the remainder when 2770 is divided by 99?
97
What is the remainder when 4770 is divided by 1187?
22
Calculate the remainder when 881 is divided by 229.
194
Calculate the remainder when 202 is divided by 29.
28
Calculate the remainder when 5486 is divided by 204.
182
What is the remainder when 2852 is divided by 75?
2
What is the remainder when 24988 is divided by 119?
117
What is the remainder when 330 is divided by 32?
10
What is the remainder when 92 is divided by 38?
16
Calculate the remainder when 53 is divided by 21.
11
Calculate the remainder when 593 is divided by 122.
105
What is the remainder when 46514 is divided by 105?
104
Calculate the remainder when 627 is divided by 49.
39
What is the remainder when 1141 is divided by 21?
7
Calculate the remainder when 132 is divided by 17.
13
What is the remainder when 1372 is divided by 15?
7
Calculate the remainder when 656 is divided by 132.
128
What is the remainder when 2389 is divided by 1188?
13
What is the remainder when 55 is divided by 35?
20
What is the remainder when 1019 is divided by 73?
70
Calculate the remainder when 663 is divided by 297.
69
What is the remainder when 11 is divided by 6?
5
Calculate the remainder when 71 is divided by 34.
3
Calculate the remainder when 647 is divided by 42.
17
Calculate the remainder when 106 is divided by 19.
11
What is the remainder when 110 is divided by 52?
6
Calculate the remainder when 575 is divided by 31.
17
Calculate the remainder when 739 is divided by 161.
95
What is the remainder when 500 is divided by 271?
229
Calculate the remainder when 6656 is divided by 21.
20
What is the remainder when 1995 is divided by 111?
108
Calculate the remainder when 956 is divided by 60.
56
What is the remainder when 43 is divided by 9?
7
Calculate the remainder when 372 is divided by 94.
90
What is the remainder when 1149 is divided by 374?
27
Calculate the remainder when 104 is divided by 5.
4
Calculate the remainder when 167 is divided by 67.
33
What is the remainder when 161 is divided by 55?
51
Calculate the remainder when 75 is divided by 8.
3
Calculate the remainder when 117 is divided by 30.
27
What is the remainder when 44 is divided by 16?
12
What is the remainder when 704 is divided by 227?
23
Calculate the remainder when 3592 is divided by 85.
22
What is the remainder when 511 is divided by 394?
117
What is the remainder when 71 is divided by 24?
23
Calculate the remainder when 184 is divided by 65.
54
Calculate the remainder when 1583 is divided by 13.
10
What is the remainder when 53 is divided by 19?
15
Calculate the remainder when 44 is divided by 15.
14
What is the remainder when 323 is divided by 25?
23
Calculate the remainder when 159 is divided by 156.
3
What is the remainder when 104 is divided by 30?
14
Calculate the remainder when 215 is divided by 10.
5
What is the remainder when 140 is divided by 11?
8
What is the remainder when 65 is divided by 8?
1
What is the remainder when 1342 is divided by 32?
30
What is the remainder when 327 is divided by 102?
21
Calculate the remainder when 2316 is divided by 1148.
20
Calculate the remainder when 3322 is divided by 15.
7
What is the remainder when 798 is divided by 50?
48
What is the remainder when 26 is divided by 6?
2
Calculate the remainder when 289 is divided by 193.
96
What is the remainder when 74 is divided by 43?
31
What is the remainder when 347 is divided by 10?
7
What is the remainder when 1628 is divided by 125?
3
Calculate the remainder when 520 is divided by 9.
7
What is the remainder when 9796 is divided by 81?
76
Calculate the remainder when 146 is divided by 43.
17
What is the remainder when 179 is divided by 18?
17
What is the remainder when 301 is divided by 38?
35
What is the remainder when 766 is divided by 16?
14
What is the remainder when 148 is divided by 12?
4
What is the remainder when 351 is divided by 44?
43
What is the remainder when 459 is divided by 231?
228
What is the remainder when 1948 is divided by 130?
128
Calculate the remainder when 52 is divided by 48.
4
Calculate the remainder when 1256 is divided by 392.
80
Calculate the remainder when 23486 is divided by 32.
30
What is the remainder when 2444 is divided by 6?
2
What is the remainder when 157 is divided by 6?
1
Calculate the remainder when 347 is divided by 69.
2
Calculate the remainder when 65 is divided by 33.
32
What is the remainder when 298 is divided by 64?
42
What is the remainder when 459 is divided by 41?
8
What is the remainder when 376 is divided by 73?
11
Calculate the remainder when 3342 is divided by 22.
20
What is the remainder when 535 is divided by 91?
80
Calculate the remainder when 57 is divided by 15.
12
What is the remainder when 566 is divided by 24?
14
What is the remainder when 465 is divided by 122?
99
What is the remainder when 136 is divided by 82?
54
Calculate the remainder when 141 is divided by 26.
11
Calculate the remainder when 1516 is divided by 6.
4
What is the remainder when 292 is divided by 42?
40
What is the remainder when 277 is divided by 275?
2
What is the remainder when 3595 is divided by 19?
4
Calculate the remainder when 247 is divided by 67.
46
Calculate the remainder when 2258 is divided by 9.
8
Calculate the remainder when 5180 is divided by 106.
92
Calculate the remainder when 5386 is divided by 17.
14
What is the remainder when 30259 is divided by 231?
229
Calculate the remainder when 300 is divided by 40.
20
Calculate the remainder when 358 is divided by 30.
28
What is the remainder when 550 is divided by 92?
90
What is the remainder when 537 is divided by 14?
5
What is the remainder when 303 is divided by 286?
17
Calculate the remainder when 669 is divided by 418.
251
Calculate the remainder when 779 is divided by 5.
4
What is the remainder when 505 is divided by 74?
61
What is the remainder when 330 is divided by 9?
6
Calculate the remainder when 267 is divided by 10.
7
Calculate the remainder when 944 is divided by 21.
20
What is the remainder when 309 is divided by 8?
5
Calculate the remainder when 178 is divided by 42.
10
Calculate the remainder when 52 is divided by 14.
10
What is the remainder when 169 is divided by 58?
53
Calculate the remainder when 7069 is divided by 202.
201
Calculate the remainder when 1255 is divided by 37.
34
What is the remainder when 111 is divided by 8?
7
What is the remainder when 4002 is divided by 13?
11
What is the remainder when 281 is divided by 26?
21
Calculate the remainder when 21 is divided by 13.
8
Calculate the remainder when 3390 is divided by 29.
26
Calculate the remainder when 9197 is divided by 7.
6
Calculate the remainder when 23 is divided by 13.
10
What is the remainder when 910 is divided by 34?
26
Calculate the remainder when 272 is divided by 39.
38
Calculate the remainder when 68529 is divided by 154.
153
Calculate the remainder when 5072 is divided by 36.
32
What is the remainder when 62 is divided by 48?
14
What is the remainder when 630 is divided by 79?
77
What is the remainder when 25955 is divided by 309?
308
What is the remainder when 78 is divided by 33?
12
What is the remainder when 456 is divided by 16?
8
What is the remainder when 41 is divided by 5?
1
What is the remainder when 772 is divided by 131?
117
Calculate the remainder when 505 is 